{"id":8293,"date":"2020-06-19T15:57:27","date_gmt":"2020-06-19T22:57:27","guid":{"rendered":"http:\/\/core.humanities.uci.edu\/?page_id=8293"},"modified":"2020-06-19T15:57:27","modified_gmt":"2020-06-19T22:57:27","slug":"winter-essay-assignment-4","status":"publish","type":"page","link":"https:\/\/core.humanities.uci.edu\/index.php\/history-and-archives\/2019-2020-winter\/winter-essay-assignment-4\/","title":{"rendered":"2019-2020 Winter: Essay Assignment 4"},"content":{"rendered":"<h2><b>Analysis of a Scholarly Debate on Animals in Latin American History<br \/>\n<\/b><\/h2>\n<p>&nbsp;<\/p>\n<p style=\"text-align: right;\"><i class=\"fa fa-file fa-2x;\"><!-- icon --><\/i> <a href=\"https:\/\/core.humanities.uci.edu\/?ddownload=7662\">Printable Essay Rubric<\/a> | <a href=\"https:\/\/core.humanities.uci.edu\/?ddownload=7574\">Printable Prompt<\/a><\/p>\n<p><strong>Assignment<\/strong><\/p>\n<p><strong>Choose one of the five thematic clusters below (see The Writing Process), each of which contains scholarly secondary sources on an animal-related topic in Latin American history. Read the key text in the scholarly conversation (indicated in bold), then survey the remaining sources in the cluster. Select two sources to evaluate in more depth along with the key text, identifying each scholar\u2019s central arguments, disciplinary perspective, rhetorical strategy, and use of evidence from primary and secondary sources. Then, in essay form, assess how these sources fit together and articulate one specific debate among the three scholars. Elaborate how the scholars advance their own arguments in the debate by citing specific evidence from their texts to support your assertions. How might you represent and join this scholarly conversation?<\/strong><\/p>\n<p><strong>Your final paper must engage with at least 3 secondary sources, should be about 5\u20136 pages in length, and will be worth 35% of your writing grade.<\/strong><\/p>\n<p><strong><i class=\"fa fa-check-square-o fa-2x;\"><!-- icon --><\/i> Learning Goals<\/strong><\/p>\n<ul>\n<li>Make specific, clear, arguable claims<\/li>\n<li>Produce unified, cohesive body paragraphs that contain arguable topic sentences, integrate well-selected evidence from scholarly secondary sources, and exhibit fluid transitions between ideas<\/li>\n<li>Develop a rhetorically-effective introduction and conclusion<\/li>\n<li>Adopt the appropriate stance, style, and genre conventions of a scholarly literature review in history<\/li>\n<li>Conduct analysis of multiple scholarly secondary sources<\/li>\n<li>Practice process-oriented writing and learn flexible strategies for generating, revising, editing, and proofreading drafts while also reflecting on the process of writing itself<\/li>\n<\/ul>\n<p><strong><i class=\"fa fa-eye fa-2x;\"><!-- icon --><\/i> Required Reading<\/strong><\/p>\n<p>Before you begin brainstorming for this assignment, make sure you have read the following:<\/p>\n<ul>\n<li>O\u2019Toole, Rachel. \u201cHistorical Analysis.\u201d <em>Humanities Core Handbook<\/em>, XanEdu, 2019, pp. 69\u201375.<\/li>\n<li>Short, Gretchen. \u201cIntegrating Quotations and Citing Sources.\u201d <em>Humanities Core Handbook<\/em>, XanEdu, 2019, pp. 150\u20139.<\/li>\n<li>Connell, Christine. \u201cEngaging With Scholarly Sources and Creating Counter-Arguments,\u201d <em>Humanities Core Handbook<\/em>, XanEdu, 2019, pp. 171\u201380.<\/li>\n<\/ul>\n<hr \/>\n<p><strong><i class=\"fa fa-pencil fa-2x;\"><!-- icon --><\/i> The Writing Process<\/strong><\/p>\n<p>Up to this point in Humanities Core, our focus in expository academic writing has been on the analysis and interpretation of <strong>primary sources<\/strong>, that is, documents, images, or artifacts that provide first-hand testimony or direct evidence of a topic under humanistic investigation. Now, we will turn our attention to <strong>secondary sources<\/strong>\u2014\u201csecondary\u201d in the sense that they interpret or analyze primary sources and draw interpretive claims from that inquiry. In this assignment, you will explore a cluster of thematically-related secondary sources written for an academic audience. The texts you will examine were published in two different types of venue: as articles in scholarly journals and as chapters in monographs or edited collections published by academic presses. In both cases, these publications have undergone the process of <strong>peer review<\/strong>, the systematic evaluation of scholarly writing and research by other experts in the field. Each of the clusters represent at least part of a <strong>scholarly conversation<\/strong>, an expression we use to describe a body of academic work on a given topic. Part of this assignment is learning what kinds of rhetorical moves academics make in their writing so that you can employ those same strategies as you enter a scholarly conversation in your own research project during the spring quarter.<\/p>\n<p>Your first task is to select one of the clusters below, which correspond to topics you have been presented with in Professor O\u2019Toole\u2019s lectures. In each cluster, we have identified a key text, a secondary source that operates as an entry point into the scholarly conversation that the cluster represents. Read that key text carefully, then survey the remaining sources in the cluster. This is what we might call a <strong>survey of the scholarly landscape<\/strong>, in which one reads the introduction, conclusion, and\/or article abstract and scans the remainder of the text so as to determine which sources are most relevant.<\/p>\n<p><span style=\"color: #800000;\">Note: Ask your instructor for the special password you need to download these PDFs. &#x1f999;<br \/>\n<\/span><\/p>\n<p><strong>1. Llamas, Lions, and the Inca State<br \/>\n<\/strong><\/p>\n<p class=\"hanging-indent\"><strong><i class=\"fa fa-key\"><\/i>Allen, Catherine. \u201cThe Incas Have Gone Inside: Pattern and Persistence in Andean Iconography.\u201d <em>RES: Anthropology and Aesthetics<\/em>, vol. 42, 2002, pp. 180- 203. [<a href=\"https:\/\/core.humanities.uci.edu\/?ddownload=7503\">PDF<\/a>]<\/strong><\/p>\n<p class=\"hanging-indent\">Herring, Adam. \u201cLlamas and the Logic of the Gaze.\u201d <em>Art and Vision in the Inca Empire<\/em>, Cambridge University Press, 2015, pp. 17 &#8211; 41. [<a href=\"https:\/\/core.humanities.uci.edu\/?ddownload=7514\">PDF<\/a>]<\/p>\n<p class=\"hanging-indent\">Murra, John. \u201cHerds and Herders in the Inca State.\u201d <em>Man, Culture, and Animals: The Role of Animals in Human Ecological Adjustments<\/em>, edited by Anthony Leeds and Andrew P. Vayda, AAAS, 1965, pp. 185-215. [<a href=\"https:\/\/core.humanities.uci.edu\/?ddownload=7518\">PDF<\/a>]<\/p>\n<p class=\"hanging-indent\">Zuidema, R. Tom. \u201cThe Lion in the City: Royal Symbols of Transition in Cuzco.\u201d <em>Journal of Latin American Lore<\/em>, vol. 9, no. 1, 1983, pp. 39-100. [<a href=\"https:\/\/core.humanities.uci.edu\/?ddownload=7520\">PDF<\/a>]<\/p>\n<hr \/>\n<p><strong>2. Livestock: Whose Friends? Whose Food? Whose Empire?<\/strong><\/p>\n<p class=\"hanging-indent\"><strong><i class=\"fa fa-key\"><\/i>Anderson, Virginia DeJohn. \u201cA Prophecy Fulfilled.\u201d <em>Creatures of Empire: How Domestic Animals Transformed Early America<\/em>. Oxford University Press, 2004. [<a href=\"https:\/\/core.humanities.uci.edu\/?ddownload=7502\">PDF<\/a>]<\/strong><\/p>\n<p class=\"hanging-indent\">Crosby, Alfred. \u201cAnimals.\u201d <em>Ecological Imperialism: The Biological Expansion of Europe, 900-1900<\/em>. Cambridge University Press, 1986, pp. 171 &#8211; 194. [<a href=\"https:\/\/core.humanities.uci.edu\/?ddownload=7501\">PDF<\/a>]<\/p>\n<p class=\"hanging-indent\">Garc\u00eda Garagarza, Le\u00f3n. \u201cThe Year the People Turned into Cattle: The End of the World in New Spain, 1558.\u201d <em>Centering Animals in Latin American History<\/em>, edited by Martha Few and Zeb Tortorici,\u00a0 Duke University Press, 2013, pp. 31-61. [<a href=\"https:\/\/core.humanities.uci.edu\/?ddownload=7511\">PDF<\/a>]<\/p>\n<p class=\"hanging-indent\">Melville, Elinor G.K.\u00a0 \u201cIntroduction.\u201d <em>A Plague of Sheep: Environmental Consequences of the Conquest of Mexico, <\/em>Cambridge University Press, 1994, pp. 1-16. [<a href=\"https:\/\/core.humanities.uci.edu\/?ddownload=7516\">PDF<\/a>]<\/p>\n<p class=\"hanging-indent\">Norton, Marcy. \u201cThe Chicken or the Iegue: Human-Animal Relationships and the Columbian Exchange.\u201d <em>American Historical Review<\/em>, vol. 120, no. 1, 2015, pp. 28-60. [<a href=\"https:\/\/core.humanities.uci.edu\/?ddownload=7519\">PDF<\/a>]<\/p>\n<hr \/>\n<p><strong>3. The Purpose of Demons<\/strong><\/p>\n<p class=\"hanging-indent\"><strong><i class=\"fa fa-key\"><\/i>Behar, Ruth. \u201cSex and Sin, Witchcraft and the Devil in Late-Colonial Mexico\u201d <em>American Ethnologist<\/em> vol. 14, no. 1, 1987, pp. 34-54. JSTOR <a href=\"https:\/\/www.jstor.org\/stable\/645632\">https:\/\/www.jstor.org\/stable\/645632<\/a>. [<a href=\"https:\/\/core.humanities.uci.edu\/?ddownload=7509\">PDF<\/a>]<\/strong><\/p>\n<p class=\"hanging-indent\">Cervantes, Fernando. \u201cChristianity and the Indians in Early Modern Mexico: the Native Response to the Devil,\u201d <em>Historical Research<\/em>, vol 66, no. 160,1993, pp.177-196. <a href=\"https:\/\/doi.org\/10.1111\/j.1468-2281.1993.tb01807.x\">https:\/\/doi.org\/10.1111\/j.1468-2281.1993.tb01807.x<\/a>. [<a href=\"https:\/\/core.humanities.uci.edu\/?ddownload=7510\">PDF<\/a>]<\/p>\n<p class=\"hanging-indent\">Gruzinski, Serge. \u201cImage Consumers.\u201d <em>Images at War: Mexico from Columbus to Blade Runner (1492-2019)<\/em>. Duke University Press, 2001, pp. 161 &#8211; 207. [<a href=\"https:\/\/core.humanities.uci.edu\/?ddownload=7512\">PDF<\/a>]<\/p>\n<p class=\"hanging-indent\">[Also available in Spanish] Gruzinski, Serge. \u201cLos Consumidores de Im\u00e1genes.\u201d <em>La Guerra de las Im\u00e1genes: De Crist\u00f3bal Col\u00f3n a \u201cBlade Runner\u201d (1492\u20132019)<\/em>. Fondo de Cultura Econ\u00f3mica, 1994, pp. 161\u2013198. [<a href=\"https:\/\/core.humanities.uci.edu\/?ddownload=7513\">PDF<\/a>]<\/p>\n<p class=\"hanging-indent\">Mills, Kenneth. \u201cBad Christians in Colonial Peru,\u201d <em>Colonial Latin American Review<\/em>, vol. 5, no. 2, 1996, pp. 183-218. [<a href=\"https:\/\/core.humanities.uci.edu\/?ddownload=7517\">PDF<\/a>]<\/p>\n<p class=\"hanging-indent\">O\u2019Toole, Rachel. \u201cDanger in the Convent: Colonial Demons, Idolatrous <em>Indias<\/em>, and Bewitching <em>Negras<\/em> in Santa Clara (Trujillo del Peru).\u201d <em>Journal of Colonialism and Colonial History<\/em>, vol. 7, no. 1, 2006. Project Muse <a href=\"https:\/\/muse.jhu.edu\/article\/196746\">https:\/\/muse.jhu.edu\/article\/196746<\/a>. [<a href=\"https:\/\/core.humanities.uci.edu\/?ddownload=7505\">PDF<\/a>]<\/p>\n<hr \/>\n<p><strong>4. T\u00fapac Amaru: Rebel, Revolutionary, or Snake?<\/strong><\/p>\n<p class=\"hanging-indent\"><strong><i class=\"fa fa-key\"><\/i>Campbell, Leon. \u201cIdeology and Factionalism during the Great Rebellion, 1780-1782,\u201d <em>Resistance, Rebellion, and Consciousness in the Andean Peasant World: 18th to 20th Centuries<\/em>, edited by Steve J. Stern, University of Wisconsin Press, 1987, pp. 110 &#8211; 139. [<a href=\"https:\/\/core.humanities.uci.edu\/?ddownload=7523\">PDF<\/a>]<\/strong><\/p>\n<p class=\"hanging-indent\">Garrett, David. \u201c\u2018His Majesty\u2019s Most Loyal Vassals\u2019: The Indian Nobility and T\u00fapac Amaru.\u201d <em>Hispanic American Historical Review<\/em>, vol. 84, no. 4, 2004, pp. 575 &#8211; 617. [<a href=\"https:\/\/core.humanities.uci.edu\/?ddownload=7506\">PDF<\/a>]<\/p>\n<p class=\"hanging-indent\">O\u2019Phelan, Scarlett. \u201cThe Peak of the Social Unrest: The Tupac Amaru Rebellion.\u201d <em>Rebellions and Revolts in Eighteenth-Century Peru and Upper Peru<\/em>, Bohlau Verlag, 1985, pp. 209 &#8211; 273. [<a href=\"https:\/\/core.humanities.uci.edu\/?ddownload=7521\">PDF<\/a>]<\/p>\n<p class=\"hanging-indent\">Serulnikov, Sergio. \u201cConclusion: Andean Political Imagination in Times of Insurgency,\u201d <em>Subverting Colonial Authority: Challenges to Spanish Rule in Eighteenth-Century Southern Andes<\/em>, Duke University Press, 2003, pp. 215 &#8211; 227, 265-266. [<a href=\"https:\/\/core.humanities.uci.edu\/?ddownload=7522\">PDF<\/a>]<\/p>\n<p class=\"hanging-indent\">Szemi\u0144ski, Jan. \u201cWhy Kill the Spaniards? New Perspectives on Andean Insurrectionary Ideology in the 18th Century\u201d <em>Resistance, Rebellion, and Consciousness in the Andean Peasant World: 18th to 20th Centuries<\/em>, edited by Steve J. Stern, University of Wisconsin Press, 1987, pp. 166 &#8211; 192. [<a href=\"https:\/\/core.humanities.uci.edu\/?ddownload=7500\">PDF<\/a>]<\/p>\n<hr \/>\n<p><strong>5. The Dogs of Slavery<\/strong><\/p>\n<p class=\"hanging-indent\">Boisseron, B\u00e9n\u00e9dicte. \u201cBlacks and Dogs in the Americas,\u201d <em>Afro-Dog: Blackness and the Animal Question<\/em>, Columbia University Press, 2018, pp. 37-80. [<a href=\"https:\/\/core.humanities.uci.edu\/?ddownload=7504\">PDF<\/a> <span style=\"color: #800000;\">updated to include notes<\/span>]<\/p>\n<p class=\"hanging-indent\">Dayan, Colin. &#8220;Skin of the Dog.&#8221; <em>The Law is a White Dog: How Legal Rituals Make and Unmake Persons<\/em>, Princeton University Press, 2011, pp. 209-252. [<a href=\"https:\/\/core.humanities.uci.edu\/?ddownload=7541\">PDF<\/a>]<\/p>\n<p class=\"hanging-indent\"><strong><i class=\"fa fa-key\"><\/i>Johnson, Sara. \u201c\u2018You Should Give them Blacks to Eat:\u2019 Waging Inter-American Wars of Torture and Terror.\u201d <em>American Quarterly<\/em>, vol. 61, no. 1, 2009, pp. 65-92. [<a href=\"https:\/\/core.humanities.uci.edu\/?ddownload=7515\">PDF<\/a>]<\/strong><\/p>\n<p class=\"hanging-indent\">Lee, Paula Young. \u201cThe Curious Affair of Monsieur Martin the Bear.\u201d <em>Journal for Eighteenth-Century Studies<\/em>, vol. 33, no. 4, 2010, pp. 615-629. [<a href=\"https:\/\/core.humanities.uci.edu\/?ddownload=7508\">PDF<\/a>]<\/p>\n<p>Following your survey of the cluster, select three interrelated sources (including the key text). As part of the prewriting process, you will need to unpack various structural components of each individual secondary source before you begin to identify points of contact and disagreement between them. In some seminars, this preliminary assessment of your three sources may be compiled in the form of an <strong>annotated bibliography<\/strong>, in which citations are followed by a descriptive and evaluative paragraph. In any case, you should pay close attention not only to <em>what<\/em> these authors are saying but also to <em>how<\/em> they construct their arguments and engage with other scholars.<\/p>\n<p>So first ask yourself, what <strong>humanistic research questions<\/strong> (<em>how<\/em> and <em>why<\/em> questions about what people think, do, and make) is each writer attempting to answer? What is the writer\u2019s central interpretive claim, or <strong>thesis<\/strong>, about how we ought to understand a given problem? What are the key <strong>interpretive concepts<\/strong> that the writer uses to approach and analyze this problem? How does the writer position that thesis in relationship to <strong>existing scholarly debate<\/strong> on this topic? What do you take to be the overall <strong>purpose<\/strong> of this text?<\/p>\n<p>What can you ascertain about each author\u2019s <strong>disciplinary perspective and methodological orientation<\/strong> from the kinds of questions she asks or by the way she interprets the material at hand? Is the analysis synchronic (i.e., focused on a particular time) or diachronic (i.e., covering a longer process of many years)? Is it focused on a specific region or does it compare events in multiple places? Yes, all of these scholars are interested in history, but not all of them are historians\u2014some are anthropologists while others are cultural or literary scholars. Even among the historians there is considerable variation in specialization. Would you characterize the approach of the writer as that of a social historian, cultural historian, intellectual historian, political historian, gender historian, or a historian of race? Does the inquiry blend or combine multiple approaches to historical research?<\/p>\n<p>What is the writer\u2019s <strong>rhetorical strategy<\/strong>, that is, how does she attempt to persuade you of her position? How does she establish her credibility (<em>ethos<\/em>)? What appeals does she make to logic (<em>logos<\/em>)? Does any part of her argument hinge on an emotional appeal (<em>pathos<\/em>)? What <strong>types of evidence<\/strong> does she mobilize to support her claims? What kinds of primary sources (e.g., manuscripts, recordings, images, maps, narratives, objects, etc.) does the historian examine? What other scholars does she cite and what is her posture or attitude towards those secondary sources? What does the evidence help the historian to prove and what impact might the findings have had on the shape of other research into these same sources?<\/p>\n<p>As you assess the implications of each historian\u2019s inquiry for a larger scholarly conversation, you will quickly realize that no one writes in a vacuum; rather, scholars interact and argue with one another across time and space through their writings. These interactions may be direct or indirect. Some of these authors cite each other directly to agree, disagree, or build on each other\u2019s claims; others make reference to the same set of primary sources or interpretive concepts. In prewriting, you should track points of contact and dissension in the sources; in the essay itself, you will identify one specific debate that these scholars are having and explicate in detail how each scholar advances her own arguments by citing specific evidence from the secondary sources to support your assertions. The <em>Humanities Core Handbook<\/em> chapters on \u201cIntegrating Quotations and Citing Sources\u201d and \u201cEngaging With Scholarly Sources and Creating Counter-Arguments\u201d will aid you in this process by describing how academics contextualize and cite other scholars in their writing as well as how they represent and enter a larger scholarly conversation.<\/p>\n<p><span style=\"color: #808080;\">Updated 10 February 2020<\/span><\/p>\n","protected":false},"excerpt":{"rendered":"<p>Analysis of a Scholarly Debate on Animals in Latin American History &nbsp; Printable Essay Rubric | Printable Prompt Assignment Choose one of the five thematic clusters below (see The Writing Process), each of which contains scholarly secondary sources on an animal-related topic in Latin American history. Read the key text in the scholarly conversation (indicated [&hellip;]<\/p>\n","protected":false},"author":5,"featured_media":0,"parent":8271,"menu_order":0,"comment_status":"closed","ping_status":"closed","template":"","meta":{"_genesis_hide_title":false,"_genesis_hide_breadcrumbs":false,"_genesis_hide_singular_image":false,"_genesis_hide_footer_widgets":false,"_genesis_custom_body_class":"","_genesis_custom_post_class":"","_genesis_layout":""},"_links":{"self":[{"href":"https:\/\/core.humanities.uci.edu\/index.php\/wp-json\/wp\/v2\/pages\/8293"}],"collection":[{"href":"https:\/\/core.humanities.uci.edu\/index.php\/wp-json\/wp\/v2\/pages"}],"about":[{"href":"https:\/\/core.humanities.uci.edu\/index.php\/wp-json\/wp\/v2\/types\/page"}],"author":[{"embeddable":true,"href":"https:\/\/core.humanities.uci.edu\/index.php\/wp-json\/wp\/v2\/users\/5"}],"replies":[{"embeddable":true,"href":"https:\/\/core.humanities.uci.edu\/index.php\/wp-json\/wp\/v2\/comments?post=8293"}],"version-history":[{"count":1,"href":"https:\/\/core.humanities.uci.edu\/index.php\/wp-json\/wp\/v2\/pages\/8293\/revisions"}],"predecessor-version":[{"id":8294,"href":"https:\/\/core.humanities.uci.edu\/index.php\/wp-json\/wp\/v2\/pages\/8293\/revisions\/8294"}],"up":[{"embeddable":true,"href":"https:\/\/core.humanities.uci.edu\/index.php\/wp-json\/wp\/v2\/pages\/8271"}],"wp:attachment":[{"href":"https:\/\/core.humanities.uci.edu\/index.php\/wp-json\/wp\/v2\/media?parent=8293"}],"curies":[{"name":"wp","href":"https:\/\/api.w.org\/{rel}","templated":true}]}}